73098b (base 12) to base 3.
-10101201120222
Convert -100a84 (base 11) to base 5.
-20143403
What is 3095e (base 16) in base 13?
6c772
-51136 (base 12) to base 7
-616566
What is 313152011 (base 6) in base 9?
11262137
1083202 (base 9) to base 11
370532
What is 27041631 (base 8) in base 13?
13392a5
10001011110101001101 (base 2) to base 13
170908
Convert 124a44 (base 14) to base 3.
1011212222101
ba475 (base 14) to base 9
756463
Convert -31240402 (base 5) to base 9.
-434063
1023021123033 (base 4) to base 14
288b127
-101110011111010100 (base 2) to base 15
-3b64a
430241 (base 8) to base 11
98914
What is 124460 (base 11) in base 15?
3d207
What is 50656413 (base 8) in base 13?
22ab12b
What is -28c1b (base 16) in base 12?
-80737
11012110201 (base 3) to base 10
82720
3003431 (base 6) to base 10
140779
-1224313420 (base 5) to base 16
-2d389a
Convert -1105302315 (base 6) to base 13.
-2648771
Convert 231111221232 (base 4) to base 8.
55255156
-1110110000101111 (base 2) to base 13
-216a0
What is -19734 (base 13) in base 2?
-1100000110011000
What is 301110311333 (base 4) in base 5?
11302233211
-334db (base 14) to base 15
-26d22
-1117500 (base 10) to base 2
-100010000110100111100
Convert 59050 (base 13) to base 10.
162643
-1010111100111010101100 (base 2) to base 8
-12747254
Convert -54a949 (base 14) to base 9.
-5356640
-11112011212 (base 3) to base 15
-1b5ce
-8b7d0d (base 14) to base 11
-2752498
-153a52 (base 11) to base 4
-322132130
-489330 (base 10) to base 2
-1110111011101110010
What is -164010 (base 8) in base 16?
-e808
2507a34 (base 11) to base 7
52023166
-2683163 (base 10) to base 8
-12170433
Convert 154e7 (base 15) to base 5.
4143432
Convert -11231301110 (base 4) to base 3.
-2211010010202
Convert 594a68 (base 12) to base 13.
3b510c
What is -439716 (base 12) in base 3?
-2000120102000
Convert 260ca5 (base 14) to base 7.
14060165
-2212000100 (base 3) to base 7
-322452
-4411052 (base 6) to base 4
-311202020
Convert -11224341423 (base 5) to base 13.
-2839872
What is 4564210 (base 8) in base 4?
10232202020
Convert -2057726 (base 8) to base 5.
-120030242
Convert 1a0a6 (base 14) to base 7.
363266
What is 33221333 (base 4) in base 6?
1212515
Convert -57858 (base 9) to base 6.
-454425
1c66a42 (base 13) to base 3
122211001111112
Convert ac77e (base 15) to base 3.
1000212022202
What is -200421340 (base 5) in base 4?
-3002021110
100101101101100110000 (base 2) to base 16
12db30
What is -2376404 (base 10) in base 4?
-21010023110
Convert -5199569 (base 10) to base 11.
-2a31571
Convert -cf274 (base 16) to base 3.
-1121002220221
Convert -1258576 (base 9) to base 2.
-10101000001000001010
What is 10100220011 (base 3) in base 13?
24211
Convert -1111101000111000011001 (base 2) to base 6.
-223511401
Convert -68452e (base 16) to base 7.
-112040415
What is -13401313 (base 7) in base 14?
-24560a
What is 1111110010110100 (base 2) in base 11?
44671
Convert -154a2 (base 14) to base 13.
-1b1c9
What is 6959 (base 12) in base 16?
2dd5
Convert 125442650 (base 7) to base 15.
a9871e
317a3 (base 15) to base 9
258300
What is -1665586 (base 9) in base 8?
-3426715
-22323322 (base 4) to base 6
-543214
Convert 678316 (base 9) to base 5.
101000221
What is 608aa (base 14) in base 11?
149514
What is -804a607 (base 11) in base 8?
-66256347
Convert 353151 (base 6) to base 16.
773b
21514154 (base 6) to base 12
27295a
-211311310013 (base 4) to base 2
-100101110101110100000111
What is -276662 (base 11) in base 9?
-730421
3112300200 (base 4) to base 12
365080
Convert -985902 (base 12) to base 16.
-24dad2
13800a (base 13) to base 7
4014364
What is -1021210002 (base 3) in base 13?
-b705
What is -5b646c (base 14) in base 10?
-3129040
694231 (base 10) to base 13
1b3cb5
What is 113546 (base 10) in base 6?
2233402
What is 2e4b (base 16) in base 10?
11851
672a6 (base 14) to base 15
4e22c
What is 76aa9 (base 11) in base 12?
5484a
What is -20102021122 (base 3) in base 10?
-126323
Convert a24e53 (base 15) to base 8.
35325760
-211793 (base 11) to base 6
-11133315
What is -53008 (base 14) in base 2?
-110000111010000000
Convert 32013031031 (base 4) to base 14.
6c4325
What is 638455 (base 10) in base 6?
21403451
-1620305 (base 11) to base 2
-1010100011101010011101
What is -147111 (base 10) in base 5?
-14201421
Convert -112064231 (base 7) to base 11.
-3951714
-140b64 (base 12) to base 7
-2556055
Convert -11366664 (base 7) to base 14.
-1c36db
Convert -d26c9 (base 14) to base 6.
-14503425
What is 10010100202 (base 3) in base 13?
21cb9
453210034 (base 6) to base 2
11111100100010000100110
What is 11412312 (base 5) in base 13?
39a49
What is -244362 (base 8) in base 16?
-148f2
-11100010101001100111 (base 2) to base 6
-31521543
What is 1111112000012 (base 3) in base 14?
16a907
Convert 210570 (base 10) to base 5.
23214240
Convert -5366870 (base 9) to base 7.
-33320004
Convert -45418 (base 12) to base 2.
-10110100000010100
Convert 491a49 (base 12) to base 10.
1185177
-13242230 (base 6) to base 9
-742140
Convert -131110210 (base 4) to base 11.
-82262
What is 3133631 (base 8) in base 6?
25510253
-13224132 (base 5) to base 4
-200132302
11110111221 (base 3) to base 6
1514424
Convert 437802 (base 9) to base 15.
527c2
-113112131320 (base 4) to base 5
-3031340321
Convert -136123 (base 8) to base 4.
-23301103
Convert -139dbb (base 15) to base 2.
-11100110101001010110
-474352 (base 16) to base 2
-10001110100001101010010
-5828a0 (base 11) to base 6
-31503335
-122202103230 (base 4) to base 13
-1597347
Convert -33156 (base 9) to base 4.
-11113302
Convert 84662 (base 14) to base 2.
1001110000001001110
-312210010 (base 4) to base 16
-36904
What is -420a65 (base 12) in base 6?
-34131005
Convert 1011100000001011 (base 2) to base 16.
b80b
What is -34a2396 (base 11) in base 5?
-3030432202
What is 1011230102 (base 4) in base 14?
7605c
Convert 108b213 (base 12) to base 9.
5863036
What is -858874 (base 9) in base 4?
-1330330000
Convert 2815542 (base 11) to base 15.
65d102
What is 14103 (base 10) in base 5?
422403
1202302121 (base 4) to base 16
62c99
Convert 66211604 (base 7) to base 8.
25535140
-11002012012 (base 3) to base 4
-103213022
What is 10111000100001010 (base 2) in base 14?
26602
Convert -257233 (base 8) to base 2.
-10101111010011011
What is -52431 (base 6) in base 16?
-1ba3
Convert -1133311322 (base 4) to base 16.
-5fd7a
What is -185a29 (base 13) in base 7?
-5130455
Convert -11044400 (base 5) to base 16.
-17a52
Convert -2043707 (base 11) to base 4.
-31300200011
-99069 (base 12) to base 9
-337400
What is -851108 (base 11) in base 8?
-5146201
-745636 (base 8) to base 5
-30424414
-11101010010111 (base 2) to base 13
-6a9a
Convert -31350 (base 15) to base 12.
-76340
Convert -434646 (base 10) to base 5.
-102402041
21443040 (base 5) to base 9
314787
-166379 (base 12) to base 14
-9ddc9
121532234 (base 6) to base 3
11101100101111
-160f6 (base 16) to base 9
-146847
-a7aae1 (base 15) to base 7
-124602643
Convert -66418 (base 11) to base 6.
-2021555
What is -3040503 (base 9) in base 2?
-110001011101111101111
Convert -1c30b21 (base 13) to base 3.
-122122001002010
-229a72 (base 15) to base 9
-3088108
Convert 1035010 (base 7) to base 13.
457c6
Convert -28735 (base 12) to base 10.
-56345
Convert 201021012022 (base 3) to base 10.
379223
Convert -212001010210010 (base 3) to base 5.
-11113324313
Convert 20bc07 (base 16) to base 13.
5a1601
Convert -55357 (base 9) to base 11.
-25675
Convert -2052614 (base 12) to base 8.
-27142760
What is 10a5a7 (base 11) in base 13?
618cc
-454303 (base 11) to base 3
-1100201220110
-585121 (base 9) to base 10
-351478
Convert 10110101111200 (base 3) to base 12.
747916
2378073 (base 9) to base 6
43404450
Convert 33300606 (base 7) to base 6.
141334533
-c014 (base 14) to base 3
-1200012020
What is 1121211230 (base 4) in base 15?
73adb
22221201222121 (base 3) to base 8
22115234
Convert -b7210b (base 13) to base 7.
-51311366
3414160 (base 7) to base 8
1474147
What is -47962 (base 14) in base 10?
-174722
Convert 77c674 (base 13) to base 7.
33011245
What is -134634 (base 14) in base 3?
-1020210120122
What is 465371 (base 8) in base 7?
1226655
Convert -b0893 (base 12) to base 11.
-147359
What is -5c109 (base 14) in base 15?
-46ae3
Convert 5002369 (base 11) to base 14.
126929b
What is 83204 (base 9) in base 8?
153071
Convert 101301